 955 - 24. Suppose 0*c - 7*c = -o. What is the units digit of c?
3
Let a = 309 + -298. Suppose a*j - 13*j + 2*f = -1304, 0 = -3*j + 2*f + 1961. What is the hundreds digit of j?
6
Suppose -4 = 2*x, -5874 = -o + 3*x - 970. Suppose 0 = 12*w - o - 5014. What is the tens digit of w?
2
Suppose -r = 2*r - 9. Let p be (-15)/(-2)*14/r. Suppose 10 + p = 9*k. What is the units digit of k?
5
Suppose 2*s - x = -2, 4*s = 5*s - 4*x + 8. Suppose s = -i + 4*i - 12. Suppose 0*p - 453 = -i*k + 5*p, 3 = p. What is the units digit of k?
7
Let l = -36 + 40. Suppose -10*g + 4 = l. Suppose -5*z - 3 + 378 = g. What is the units digit of z?
5
Suppose -3*z - b + 1 = 0, -b = -z - z + 4. Suppose q + z - 5 = 0. Let t(v) = -v**2 + 9*v - 3. What is the units digit of t(q)?
7
Suppose 6*v = -0*v + 1446. Let m = 364 - v. Let h = m - -73. What is the hundreds digit of h?
1
Let r = -8331 + 14483. What is the units digit of r?
2
Let r(z) = 40*z + 1. Suppose 0 = 3*x + 42 - 6. Let t(f) = -2*f - 22. Let a be t(x). What is the tens digit of r(a)?
8
Let y(s) = -s**3 - 6*s**2 - s - 1. Let u be y(-6). Suppose 3*h = -u*x + 3598, -x + 353 + 381 = -3*h. Suppose -16*t + x = -1742. What is the hundreds digit of t?
1
What is the tens digit of (67 - 42 - 19) + -1 + 26356?
6
Let c(v) = 84*v**2 + 3*v + 2. Let y = 8 + 4. Let w be 3/18 - 14/y. What is the units digit of c(w)?
3
Let d = 837 - 593. What is the hundreds digit of (120/(-4))/(-5) + d?
2
Suppose -2*v + 9 = 3*y, 2*v = -0*v - 2*y + 8. Let q(d) = 9 - 8*d**2 - v*d**2 + 0 - d**3 + 5*d - 15*d. What is the tens digit of q(-11)?
1
Let l(v) = -v - 21. Let j be l(-15). Let g(s) = -2*s**3 + 9*s**2 + 6*s + 28. What is the hundreds digit of g(j)?
7
Let a = -1316 + 2011. Suppose 2*c = a + 111. What is the units digit of c?
3
Let i(n) be the first derivative of -3*n**5/8 - n**4/4 + 11*n**3/3 + 12. Let q(a) be the third derivative of i(a). What is the tens digit of q(-2)?
8
Let p(t) = 296*t + 3131. What is the hundreds digit of p(42)?
5
Suppose c - 53259 = k, 213052 = 56*c - 52*c + 4*k. What is the thousands digit of c?
3
Suppose 6*g + 77 = -5*g. Let f(k) = -30*k + 124. What is the hundreds digit of f(g)?
3
Suppose 0 = 43*o - 38*o - 20, -2*t + 5*o = -30174. What is the hundreds digit of t?
0
Suppose 523800 - 153471 = 19*l. What is the units digit of l?
1
Suppose 4*p - 758 - 330 = 0. Suppose -4*v = -7*v + 12. Suppose 3*i - 96 = -v*z + p, -3*i + 5*z = -377. What is the hundreds digit of i?
1
Let i = 2049 + -2057. Let u(w) = -12*w - 26. Let t(k) = -11*k - 26. Let j(h) = 5*t(h) - 4*u(h). What is the units digit of j(i)?
0
Let a(d) = 4*d + 4. Let w(j) = -3*j - 3. Let p(x) = 5*a(x) + 7*w(x). Let r(b) = 15*b + 8. Let t(u) = -3*p(u) - r(u). What is the tens digit of t(-2)?
1
Suppose 0 = 2*i - 4*g + 20, i = -i - 5*g + 7. Let c be i - (0 - (-14)/(-2)). Suppose -b + c*b = 4, w = -4*b + 86. What is the units digit of w?
8
Suppose 0 = -b - k - 2786, -2*k = -2*b - 7*k - 5587. Let r = -1796 - b. What is the hundreds digit of r?
9
Let n(f) = f**2 - 7*f - 18. Suppose -3*v = 3*j - 30, -5*j - 2*v + 41 = -6*v. Let z be n(j). Suppose z = -c + 70 - 6. What is the tens digit of c?
6
Let k(h) = -h**2 - 6*h - 9. Let y be k(-7). Let u be (-5 - y)/((-8)/(-9) - 1). Let x = u + 160. What is the units digit of x?
1
Suppose -2*c - 3 + 13 = 0. Suppose -3*p - 211 = c*y, 4*p + 158 = 4*y - 166. Let f = -24 - p. What is the tens digit of f?
5
Let k = -2148 + 4737. What is the tens digit of k?
8
Suppose 87 = -3*x - 294. Let u = x + 159. What is the tens digit of u?
3
Suppose -2*z + 3*q + 5301 = -17784, 3*z - q = 34617. What is the ten thousands digit of z?
1
Let n(p) = -10*p**2 - 2. Let i be n(-2). Let r be (((-22)/(-3))/(-1))/(i/63). Let t(f) = 16*f - 21. What is the tens digit of t(r)?
5
Let l = -28 + 86. Suppose -4*o + 77 + 6 = 5*p, 0 = 4*p - o - l. Suppose 13*f - p*f + 190 = 0. What is the tens digit of f?
9
Let t be 9/(-2)*(-64)/48. Suppose -149 = -t*o + 25. What is the tens digit of o?
2
Let a(o) = -34*o + 186. Let v be a(15). Let y = 395 + v. What is the tens digit of y?
7
Let q(i) be the second derivative of -11*i**5/10 - i**4/3 - i**3/3 - 10*i. What is the units digit of q(-2)?
4
Let t = -25 - -29. Suppose 3*l = 3*p - 396, 5*l - 500 = -t*p + 2*l. Suppose 0 = -20*z + 16*z + p. What is the tens digit of z?
3
Let n(z) be the third derivative of -3*z**5/10 - z**4/8 - z**3 - 5*z**2. Let j(s) be the first derivative of n(s). What is the units digit of j(-3)?
5
Suppose 125*m - 3568 = 117*m. Let d = m - 132. What is the tens digit of d?
1
Suppose 2*z - 3832 = p, 25*p - 27*p + 5734 = 3*z. What is the thousands digit of z?
1
Suppose -k = n - 7692, 15372 = 5*k - 3*k - n. What is the tens digit of k?
8
Let m = 140 - 135. Suppose 0 = 5*p - k - 2361, m*k = -4*p - 893 + 2776. Suppose 5*o - b = 1171, -p = -3*o + o + 4*b. What is the tens digit of o?
3
Suppose 4 = 2*o + l, 2*o - l - 4 = -4*l. Suppose -3*u - o*u = -70. Let v(s) = 5*s - 34. What is the units digit of v(u)?
6
Suppose 0 = 2*o + b + 646 + 257, 0 = -3*b + 3. Let m = 1032 - o. What is the units digit of m?
4
Let d = 210 - 205. What is the hundreds digit of d/((-5)/2) - -1159?
1
Let p(l) = -l**3 - 9*l**2 + 6. Let t be p(-9). Suppose -4*u + 736 = -3*u + 4*g, -2*g = u - 740. What is the units digit of u/10 - t/15?
4
Let g(z) = -z**2 - 3*z + 22. Let h(f) = 3*f**2 + 9*f - 65. Let k(v) = 8*g(v) + 3*h(v). Let j be k(-6). What is the units digit of 7/((-126)/(-1464)) - j/(-3)?
1
What is the units digit of (-14)/224*24*(-4787 - (2 + -3))?
9
Suppose -74*z + 77*z - 30696 = -3*q, 0 = 4*q + 5*z - 40931. What is the units digit of q?
9
Let i(q) = 84610*q - 1384. What is the tens digit of i(1)?
2
Let x = -295 - -291. What is the units digit of (-3 - 8*2/x)*110?
0
Let o(n) = -3*n + 18. Suppose -74 + 4 = 10*k. Let m be o(k). Let s = m - 31. What is the units digit of s?
8
Let d(k) = -22*k + 20. Let a be d(1). What is the tens digit of (4 - (-5)/a)/((-6)/(-956))?
3
Let u = -8648 + 37305. What is the units digit of u?
7
Suppose 413*o + 428*o + 326200 = 855*o. What is the units digit of o?
0
Let w(x) = 96*x + 482. Suppose 4*p + 4*o = 40, 6*p + 4*o + 44 = 9*p. What is the thousands digit of w(p)?
1
Let x(p) = -4*p - 2. Suppose 0 = m - 6*m - 5*d - 10, -2*m = 5*d + 16. Suppose -m = -u - 11. What is the tens digit of x(u)?
3
Let h(v) = -11*v**3 + 20*v**2 + 292*v - 32. What is the ten thousands digit of h(-16)?
4
Suppose 0 = -3*r - 615 + 6417. Suppose r + 2966 = 10*l. What is the hundreds digit of l?
4
Let l = -917 - -1824. Suppose n - u = 903, -3*n + 2*n - 3*u = -l. What is the tens digit of n?
0
Suppose 0 = -2*y + 5*u - 2, -4*u = -5*y + 6*y - 12. Suppose -3*g = y - 169. Let n = g + -3. What is the tens digit of n?
5
Suppose -6*v - 175 - 371 = 0. Let w = -75 - v. Suppose 0 = w*m - 11*m - 360. What is the tens digit of m?
7
Suppose 9*c = 12*c - 663. Let y = -197 + c. What is the units digit of y?
4
Let z(d) = -d**3 - 42*d**2 + 300*d + 84. What is the hundreds digit of z(-50)?
0
Suppose -16*i - 1674468 = -30*i - 22*i. What is the ten thousands digit of i?
4
Suppose 4*b = 3*j - 4227, -4*j + b + 1513 = -4123. Suppose j = 3*m - d, m + 5*d - 461 = d. What is the tens digit of m?
6
Suppose -5*u + 4*u = -61. Suppose q - 2*h + 20 = -0, -4*q = 3*h + 36. Let i = u - q. What is the tens digit of i?
7
Suppose 0 = 4*c - 8*c + 9*c. Suppose -y = -c*y - 5*u - 679, u + 3371 = 5*y. What is the tens digit of y?
7
Let q(j) = j + 11. Let p be q(-6). Suppose p*k = -24*k + 4988. What is the tens digit of k?
7
Suppose -1262 = -4*v - q, 3*v + v - 5*q = 1250. What is the units digit of (-2 - 2 - v/(-6))*10?
5
Let o = 100 + -98. Suppose 1 = 2*r + o*t - 3, 2*r - 4*t - 22 = 0. Suppose 0*a = 4*v - r*a - 136, 5*v = -3*a + 207. What is the tens digit of v?
3
Let t = -755 + 1456. What is the units digit of (15/(-6) + 3)*(-1 + t)?
0
Let v(i) be the second derivative of i**4/12 + 3*i**3/2 + 2*i**2 - i + 12. Suppose -4 = -5*h + 41. What is the tens digit of v(h)?
6
Let s(o) = -2*o**2 - 10 - 3*o**2 + 14*o + 4*o**3 - o - 2*o**2. What is the units digit of s(5)?
0
Let n(s) = 2770*s + 27 - 1396*s - 2*s**3 - 1389*s - 23*s**2. What is the hundreds digit of n(-12)?
3
Let a(d) = 0*d - 4*d - 2 + 3*d + 41*d**2. Let k be a(3). Suppose 5*m - 12*m = -k. What is the tens digit of m?
5
Let t = 268 - 265. Su